the greatest common factor of 45 and f?
5
Let m be 33/99 - (-1 - (-130)/(-6)). Calculate the greatest common factor of m and 207.
23
Suppose 0 = -7*y + 6293 - 1736. What is the greatest common divisor of y and 42?
21
Let b(n) = 22*n. Let y be b(4). Suppose y = c + c. Let u = c - 26. What is the highest common factor of 9 and u?
9
Suppose -9589 = -80*t - 3109. Calculate the greatest common factor of 4419 and t.
9
Let o = 73 - 74. Let l be (-1)/(3/4)*(13 + o). Let n = l + 156. Calculate the highest common factor of 20 and n.
20
Suppose 6*n - 3*n - 371 = -2*a, -2*n = -3*a + 550. Suppose 4*f + 3*r - 104 = 0, 0*f - f + 27 = r. What is the highest common factor of f and a?
23
Let m be ((-441)/21)/1 - -2358. Calculate the highest common divisor of 451 and m.
41
Let r(p) = 282*p + 5384. Let z be r(-19). What is the highest common factor of z and 234?
26
Let b = 32 + -18. Suppose 0*i - 6 = -2*i - c, 0 = -3*i - 5*c + 16. Suppose 7 = -i*q + 3*q. What is the greatest common factor of b and q?
7
Let b = 65 + -67. Let x be 24/4 + b + (3 - -583). Calculate the highest common factor of 10 and x.
10
Let k(c) = -507*c + 3331. Let w be k(-26). What is the highest common factor of w and 49?
49
Suppose 0 = 42*u - 28*u - 42. Let q(a) = 53*a - 111. Let w be q(u). Calculate the greatest common divisor of 108 and w.
12
Let n(j) = -2 + 4 - j + 5 + 9. Let w be n(7). Suppose -2*m + 2*b + 30 = 0, 24 = 5*m - 3*b - 57. What is the highest common factor of m and w?
9
Let z(o) = -o**3 - 4*o**2 + 91*o + 36. Let u be z(-12). Calculate the highest common factor of u and 2628.
12
Suppose 2*t - 468 = -2*t + i, -234 = -2*t + i. Calculate the highest common factor of t and 13.
13
Suppose -323 = 235*l - 4464 - 1029. Let t(d) = d**3 + 4*d**2 - 2*d - 4. Let m be t(-4). Suppose -m*b + 2 + 6 = 0. What is the highest common factor of l and b?
2
Let w = -28184 + 28212. Suppose -5*v + v + d = -3244, -4*d = v - 828. What is the highest common factor of w and v?
28
Let p(h) = 140*h - 400. Let f be p(3). What is the highest common factor of 5120 and f?
20
Suppose 2*n - 6*n - 4 = 4*p, 3*n - 7 = -5*p. Let t(d) = 5*d**2 + 23*d - 8. Let r be t(n). Calculate the highest common factor of r and 34.
34
Suppose -l - 11*n - 4 = -9*n, 49 = 4*l - 5*n. Suppose -2*m = -l*m + c + 260, 54 = m - 3*c. Calculate the highest common divisor of m and 88.
22
Let q be (5 + 1140/45)/(44/(-12) - -4). What is the highest common factor of q and 21?
7
Suppose -i = -2*i - 917. Let a be -4 + 3/1 - i/7. Let x(c) = 2*c**2 - 2*c + 2. Let w be x(4). Calculate the greatest common factor of a and w.
26
Suppose 2*s = 4*c - 17010, 18*c + 8498 = 20*c - 2*s. Calculate the greatest common factor of 168 and c.
56
Let p be (-2)/4*72/2. Let l be 29 + (1 - 1) - (26 - 29). Let v = p + l. What is the greatest common divisor of v and 35?
7
Let n be (-844)/(-28) - ((-65)/130)/((-7)/2). Calculate the highest common divisor of 3630 and n.
30
Let y = -17 - -14. Let h be 360/(-42)*7/(-2 - -1). Let i be ((-37)/y - 1)/(h/450). What is the highest common divisor of 17 and i?
17
Let u = -55920 - -55999. Suppose -1264 = -5*y + y. Calculate the greatest common divisor of u and y.
79
Let r = -4545 - -13386. What is the greatest common divisor of r and 21?
21
Let f(t) = -6 + 143*t**2 + 0 + 127*t**2 + 6*t - 228*t**2. Let k be f(1). Calculate the greatest common divisor of k and 546.
42
Let d be 513 + 26/6 + 19/(-57). Suppose q + 9*c - 7*c = d, -2*q - c + 1049 = 0. Calculate the highest common factor of 17 and q.
17
Suppose 0 = 5*m + 3*c - 11322, -2*m + 0*m + 5*c = -4504. Suppose 4*b + 25*b - m = 0. What is the greatest common factor of 104 and b?
26
Let u be -3*6/(-18) - 59. Let b = 120 + -173. Let f = b - u. What is the highest common divisor of f and 50?
5
Suppose 1296021 = 17*u + 181*u - 461229. What is the greatest common divisor of 71 and u?
71
Let y(c) = 211*c - 1252. Let f be y(6). Calculate the greatest common divisor of f and 854.
14
Suppose 1080 = 90*v - 180. Let x = 0 - -3. Let t be (-76)/(-12) + 2/x. What is the greatest common factor of v and t?
7
Let x = 905 - -667. Suppose -318 = -9*s + x. Calculate the highest common factor of s and 14.
14
Let j = 111 - 106. Suppose -3*g = -5*c + 297, -j*c = 12*g - 17*g - 295. What is the greatest common divisor of c and 120?
60
Let x be 132/(-3762) - (-688)/114. Let d(g) = 4 + 2*g**2 - g**2 - 1 + 4*g. Let a be d(-4). Calculate the greatest common divisor of a and x.
3
Let o(c) = 12*c + 57. Let m be o(-4). Let h be (((-6)/(-9))/2)/((-2)/186). Let v = h + 49. Calculate the greatest common factor of v and m.
9
Let m = 124 + -91. Suppose d - 4*r - 104 = 0, 0 = 5*r - 8 + m. Calculate the highest common divisor of 7 and d.
7
Suppose -46*u + 106*u - 93141 = -71*u. Calculate the highest common divisor of 18 and u.
9
Let h = -40 + 16. Let z = 28 + h. Let l be (-12)/((-2)/(-4)*-1). Calculate the highest common divisor of l and z.
4
Suppose 4*k + 25 = g + 8, 2*k = -3*g + 9. Suppose g*f - 12 = -f. What is the greatest common divisor of 16 and f?
2
Let v(u) = -7*u**2 - 17*u - 14. Let w(p) = 6*p**2 + 17*p + 15. Let n(t) = -5*v(t) - 6*w(t). Let s be n(-12). What is the greatest common divisor of 280 and s?
40
Let c(q) = -12*q + 4. Let x(g) = -1. Let k(r) = c(r) + 4*x(r). Let i be (4/6)/((-13)/39). Let z be k(i). Calculate the greatest common factor of z and 24.
24
Suppose -2*o + 29 = -5*r + 5, 5*o + 2 = -3*r. Let b = 36 - r. Suppose 4*y = -5*f + 84, -4*y - 96 = -5*f + 20. What is the highest common divisor of f and b?
20
Suppose -s + 70 = 4*b, 7*s - 88 = -4*b + 3*s. What is the highest common divisor of b and 1336?
8
Let b be 573/9 - 1/(-3). Let n(d) = -12*d - 32. Let i be n(10). Let t = i - -168. Calculate the greatest common divisor of b and t.
16
Suppose 2*f - 1 - 23 = 4*k, k = 0. Let w(v) = 2*v - 25. Let t be w(f). Let p be (-385)/(-75) - ((-17)/(-15) + t). What is the greatest common factor of 2 and p?
1
Let w = 156 - 56. Suppose 0 = -33*f + 39*f + 162. Let a be ((-11)/(165/w))/(2/f). Calculate the greatest common factor of 60 and a.
30
Let l = -69 + 74. Suppose 9*z = l*z + 220. What is the greatest common factor of z and 11?
11
Let j(m) = -371*m - 1451. Let i be j(-5). What is the greatest common divisor of 3333 and i?
101
Suppose 3404 = -7398*a + 7444*a. What is the highest common factor of 70 and a?
2
Let r = 5057 - 4861. What is the greatest common divisor of 672 and r?
28
Let y = 21 - 34. Let p = y - -27. Suppose -3*f + 422 = 425*b - 424*b, f - 142 = -b. What is the greatest common factor of p and f?
14
Let r(o) = 2*o**2 + 7*o - 6. Let d be r(4). Let m be 16 + (84/(-48))/7 + 18/8. What is the greatest common factor of m and d?
18
Suppose q - 52 - 60 = 0. Suppose 0 = -5*d + 5, 4*a - 7*d + 5 = -2*d. Let i be (a - -1)*-2 - -16. What is the greatest common divisor of i and q?
14
Suppose -41*g + 14*g + 712 + 12977 = 0. Calculate the greatest common divisor of g and 2067.
39
Suppose 4*z + 3*u = 5826, -1151 = 4*z + 4*u - 6975. Calculate the greatest common factor of 18 and z.
18
Let c(a) = -2*a**3 - 2*a**2 - 3*a - 2. Let r be c(-2). Let j(y) = -46*y + 1014. Let h be j(22). Calculate the greatest common factor of h and r.
2
Let c(f) = 3*f**2 - f**3 + 16*f - 6*f**2 - 139 + 163. Let u be c(-6). What is the greatest common factor of 414 and u?
18
Let w be (-76766)/(-10) - (14 + 670/(-50)). Calculate the greatest common factor of w and 76.
76
Suppose -11*n + 132 = -8*n. Suppose 0 = -n*z + 41*z + 270. Suppose -2*d + 3*c = -26, 0 = -4*d - 3*c + 19 + 15. What is the greatest common factor of z and d?
10
Let k be (9/3)/(615/60 + -11) + 476. Calculate the highest common factor of k and 116.
4
Let t be 1/(-4) + 26/8. Suppose -t*l = l - 40. Suppose 0 = -58*a - 5331 + 5911. Calculate the greatest common factor of l and a.
10
Let b(g) = 334*g + 5141. Let q be b(-14). What is the highest common divisor of q and 915?
15
Let w be (-32)/10 + 4/20. Let o be ((-4)/w)/(44/(-12) - -4). Calculate the greatest common factor of 104 and o.
4
Suppose -70 = -328*f + 318*f. Suppose -2*d - z = 2*d - 23, -5*z = -d + 11. Suppose -o + d*o - 35 = 0. Calculate the highest common factor of o and f.
7
Suppose 8*v + 424*f - 426*f - 404 = 0, 0 = -4*v - 2*f + 196. What is the greatest common divisor of 6350 and v?
50
Suppose -724*y = -696*y - 40740. W